**3/3 - 7*b**2/2 + 9*b. Let g be v(6). Suppose -280 = -g*f + f. What are the prime factors of f?
2, 5, 7
Let v be (-3)/12 + 6/(-8). Let w(o) = 3*o**2 - 1. Let s(u) = -99*u**3 + 4*u**2 + u. Let c(d) = s(d) - 2*w(d). List the prime factors of c(v).
2, 7
Suppose 83 = -60*w + 263. Suppose t - 37 = y + 3*y, -3*y = 2*t - 96. Suppose -w*q + t = -0*q. What are the prime factors of q?
3, 5
Let c = 521 - 213. List the prime factors of (-118)/(-7)*c/88.
59
Let t = 8295 - 2134. List the prime factors of t.
61, 101
Let a(i) = i**3 + 51*i**2 - 3*i + 111. Suppose -4*o + 161 = -3*x, 43 = -38*x + 37*x - 4*o. List the prime factors of a(x).
2, 3, 11
Let l = 14965 + -8907. What are the prime factors of l?
2, 13, 233
Let s(u) = u**2 + 8*u + 6. Let c be s(-11). Let t be 8554/c - (-4)/6. Suppose -17*b + t = -12*b. What are the prime factors of b?
2, 11
Let z(a) = -a**2 - 2*a + 79. Let x(b) be the third derivative of b**4/24 - b**3 - 18*b**2. Let l be x(6). What are the prime factors of z(l)?
79
Suppose 4*c = o + 10, -3 = -3*o - 0*o + c. Suppose 2*u = 5*t + 54, -2*t - 16 = u + o. What are the prime factors of t/25 + (-834)/(-10) + 2?
5, 17
Let t = -744 + 1293. Suppose -s + 1243 = -t. What are the prime factors of s?
2, 7
Let a(s) = 127*s**3 - 9*s**2 + 87*s - 27. List the prime factors of a(6).
3, 3067
Suppose 2*i + 678 = 4*i + 3*f, 0 = -2*i - f + 674. Let t = 375 - i. List the prime factors of t.
3, 13
Let r = -1407 + 961. Let w = 736 + r. What are the prime factors of w?
2, 5, 29
Suppose -17*t + 3*t = 0. Suppose 24*m + 6*m - 13440 = t. What are the prime factors of m?
2, 7
Suppose -v = 7*v + 5264. Let g = v + 2098. List the prime factors of g.
2, 3, 5
Suppose -7*t + 6*t = 9*t. Let g be (-4)/(-28) + t + (-15)/7. List the prime factors of -3*1836/(-30) - g/5.
2, 23
Let y(v) = -34*v**2 - v - 6. Let l be y(-2). Let c = l - -340. What are the prime factors of c?
2, 5
Let m = -247 - -249. Suppose -4*n + 0*q = m*q - 1526, 0 = 2*n + 3*q - 753. List the prime factors of n.
2, 3
Let i(j) = 144*j**2 - 320*j + 1567. What are the prime factors of i(5)?
3, 29, 41
Let i be 0 + -7 + 2 + 5. List the prime factors of (-5)/(i + 7/(-2009)).
5, 7, 41
Let m(s) be the first derivative of s**3 - 41*s**2/2 + 54*s + 69. List the prime factors of m(22).
2, 151
Let r = 1179 - 99. Let o = r + -255. List the prime factors of o.
3, 5, 11
Let l = 718 - 1060. Let i = l + 457. What are the prime factors of i?
5, 23
Let y(s) = 6 + 5*s - 10*s + 0*s - s**2. Let n be y(-5). Suppose 296 = n*v - 2*v. List the prime factors of v.
2, 37
Suppose 10*a + 2*v = 7*a - 2674, 2644 = -3*a + 4*v. What are the prime factors of (a/(-6))/((-2)/(-4)*2)?
2, 37
Let z(c) = -10*c**2 - 18*c - 42. Let o(l) = 29*l**2 + 55*l + 127. Let t(u) = 4*o(u) + 11*z(u). What are the prime factors of t(-11)?
2, 5, 53
Let l(i) = i**2 + 4*i - 48. Let a be l(-12). Let u = a - 44. Suppose 3*m - 274 = -2*p, m + 172 = 3*m - u*p. List the prime factors of m.
2, 3, 5
Let g(i) be the first derivative of i**4/4 + 4*i**3/3 - i**2/2 + 1061*i - 16. What are the prime factors of g(0)?
1061
Let w(k) = -k**2 - 17*k - 12. Let u be w(-15). Let h be 149/((-3)/u*3). List the prime factors of h*((-10)/45 - (-5)/(-18)).
149
What are the prime factors of (-340956)/(-112) + (-3)/12?
2, 761
Let l be (-96)/(-50)*5*(-1 - -6). Let d = 330 - l. List the prime factors of d.
2, 3, 47
Let x(z) = 34*z + 29. Let v be x(-14). Let n = -240 - v. Let t = n + -144. List the prime factors of t.
3, 7
Suppose 16*s + 58621 = 208237. What are the prime factors of s?
3, 1039
Let q(v) = -4*v**3 + 19*v**2 - 28*v + 13. What are the prime factors of q(-14)?
3, 5, 19, 53
Let v = 1949 + -1008. Let y = v + -126. Suppose -12*a + 17*a - y = 0. List the prime factors of a.
163
Let i = 6533 + -3609. Let w be i/16 + (-1)/(-4). Suppose -y = 2*s - 0*s - w, 425 = 5*s - 4*y. What are the prime factors of s?
89
What are the prime factors of 4 + ((-4 - 6) + 9)*-721?
5, 29
Let d = 44906 + -24436. What are the prime factors of d?
2, 5, 23, 89
Let m = 5240 - 3191. Suppose 0 = 3*k - 4*i - m, 7*i = -2*k + 2*i + 1366. What are the prime factors of k?
683
Suppose -4*k - 6*h = -h - 3495, -k = 5*h - 885. Suppose -k = 22*u - 24*u. What are the prime factors of u?
3, 5, 29
Suppose 399*d - 9870 = 405*d. Let s = -684 - d. What are the prime factors of s?
31
Let a = -85 + 419. Let z = 8 + 0. Suppose z*g - 2 - a = 0. List the prime factors of g.
2, 3, 7
Suppose -16580 = 3*i - 2*g - 100347, 55834 = 2*i - 4*g. What are the prime factors of i?
5, 1117
Let u(o) = -o + 7. Let t be u(4). Suppose 0 = b - 2*a - 4, t*b - 4*a = 2*b + 4. Suppose -b*s = -5*s + 71. What are the prime factors of s?
71
Suppose 8*n - 82 = 6*n. Let h be (n - 0)/((-8)/(-40)). Let c = h + -73. What are the prime factors of c?
2, 3, 11
Suppose 2*k + 2240 = 9*k. Let i = k + -177. Suppose 4*l = 16, -5*l + i = 3*o - 0*l. What are the prime factors of o?
41
Let h(f) = -93*f + 23*f + 28*f + 24*f + 26*f + 15*f**2 + 27. List the prime factors of h(8).
1051
Let y be 1404/36*(-1)/(-1). Suppose f = 2*f - y. List the prime factors of f.
3, 13
Let a = -344 - -226. Suppose -262*i + 1070 = -257*i. Let v = i + a. List the prime factors of v.
2, 3
Suppose -31*z = 41*z - 485532 - 1227708. List the prime factors of z.
5, 4759
Let g = 14741 + -6816. List the prime factors of g.
5, 317
What are the prime factors of (-13088)/24*(-135)/36?
5, 409
Let g(a) = -156*a - 668. List the prime factors of g(-14).
2, 379
Let v(l) = -249*l + 556. What are the prime factors of v(2)?
2, 29
Let b(g) = 1891*g + 110. List the prime factors of b(2).
2, 7, 139
Let i = -39 - -10. Suppose -4*v = 4*y - 444, 13*v - 17*v - 16 = 0. Let o = i + y. What are the prime factors of o?
2, 43
Let x be (-8 - (2 + -14)) + 1094. Suppose 5*n = 3*y - x, 3*n = 6*n. List the prime factors of y.
2, 3, 61
Suppose d = -2*r - 0*r + 17, -3*d - 5*r + 53 = 0. Suppose -3*o - 4*o = d. List the prime factors of 1*(o + 2)*-91.
7, 13
Let n = 22998 - -989. What are the prime factors of n?
17, 83
Suppose -20*a + 34602 = 5502. Suppose -a = -28*f + 1037. What are the prime factors of f?
89
Let z(d) = -d**2 + 154*d - 26. What are the prime factors of z(22)?
2, 1439
Suppose 5*r + 7 = -118. Let i = r - -31. Suppose -348 = -0*c - i*c. What are the prime factors of c?
2, 29
Let h(l) = l**3 - 4*l - 3. Let q be h(-2). What are the prime factors of 2865/((-9)/q) - (4 - 0)?
3, 317
Suppose -1196 + 416 = -5*b - 4*f, -4*f = -3*b + 468. Let c = b + -77. Suppose p + 179 - 6 = 2*i, i - c = 2*p. What are the prime factors of i?
89
Suppose 4*v - 55982 = -a + 1844, 3*a = v + 173517. What are the prime factors of a?
2, 11, 239
Suppose 2*m + m + 3426 = 3*u, 0 = 3*u - 4*m - 3428. Let s = -12 - -16. Suppose p = -s*p + u. What are the prime factors of p?
2, 3, 19
Let n be ((-1)/3)/(4/(-96)). Let q be (80/(-4))/(2/n). Let r = 210 + q. What are the prime factors of r?
2, 5, 13
Let s = -2375 + 85716. What are the prime factors of s?
83341
Suppose 4*v = -4*m + 13 - 1, -36 = -4*m + 2*v. Suppose 1450 + 769 = m*x. Suppose -59 = -4*a + x. What are the prime factors of a?
2, 47
Let w = -21 - -23. Suppose -3*a + 324 = -3*g, -a = -w*a + 1. Let l = -76 - g. What are the prime factors of l?
31
Suppose 305*w - 140140 = 270*w. What are the prime factors of w?
2, 7, 11, 13
Suppose i + 26 = -c + 5*c, -2*c + 16 = -2*i. Suppose -3*o - 1377 = -c*o. What are the prime factors of o?
3, 17
Suppose 58*y = 20*y + 358867 + 413597. What are the prime factors of y?
2, 3, 7, 11
Suppose 7*g = 163 + 131. List the prime factors of (g/(-60)*-5)/(2/188).
7, 47
Let x(y) = -13*y - 45. Let z(h) = h**3 - 5*h**2 - 5*h - 3. Let o be z(6). Suppose 6*p + 3*w = p - 74, o*p - 5*w = -58. What are the prime factors of x(p)?
163
Let i = -18334 - -44184. List the prime factors of i.
2, 5, 11, 47
Let w be 3/(-6) + (-53)/(-2). Suppose 4*a + 8 = 4*c - 160, -4*a = 3*c - 147. Let d = c - w. List the prime factors of d.
19
Let h = -7497 - -14360. Suppose h = 16*w - 19761. What are the prime factors of w?
2, 13
Suppose b + 16 = 9*b. What are the prime factors of (-15)/((-498)/(-258) - b)?
5, 43
Suppose -3*g + f + 5522 = -21066, 44340 = 5*g - 5*f. List the prime factors of g.
2, 5, 443
Let w = 102 - 102. Suppose 285*n - 280*n - 3160 = w. Suppose -7*a + 3*a = -n. List the prime factors of a.
2, 79
W